{"id":19,"date":"2022-05-27T13:40:23","date_gmt":"2022-05-27T13:40:23","guid":{"rendered":"https:\/\/soledaddemo.pencidesign.net\/soledad-coffee-personal-blog-and-shop\/?page_id=19"},"modified":"2025-05-13T13:32:37","modified_gmt":"2025-05-13T13:32:37","slug":"o-nas","status":"publish","type":"page","link":"https:\/\/subinalles.media\/?page_id=19","title":{"rendered":"O nas"},"content":{"rendered":"\t\t<div data-elementor-type=\"wp-page\" data-elementor-id=\"19\" class=\"elementor elementor-19\">\n\t\t\t\t\t\t<section class=\"penci-section penci-enSticky penci-structure-10 elementor-section elementor-top-section elementor-element elementor-element-486d31d elementor-section-boxed elementor-section-height-default elementor-section-height-default\" data-id=\"486d31d\" data-element_type=\"section\">\n\t\t\t\t\t\t<div class=\"elementor-container elementor-column-gap-extended\">\n\t\t\t\t\t<div class=\"penci-ercol-100 penci-ercol-order-1 penci-sticky-ct    elementor-column elementor-col-100 elementor-top-column elementor-element elementor-element-0cf35d6\" data-id=\"0cf35d6\" data-element_type=\"column\">\n\t\t\t<div class=\"elementor-widget-wrap elementor-element-populated\">\n\t\t\t\t\t\t<div class=\"elementor-element elementor-element-86b09f4 elementor-widget elementor-widget-image\" data-id=\"86b09f4\" data-element_type=\"widget\" data-widget_type=\"image.default\">\n\t\t\t\t<div class=\"elementor-widget-container\">\n\t\t\t\t\t\t\t\t\t\t\t\t\t\t\t<img fetchpriority=\"high\" decoding=\"async\" width=\"1024\" height=\"576\" src=\"https:\/\/subinalles.media\/wp-content\/uploads\/2025\/05\/10-1024x576.webp\" class=\"attachment-large size-large wp-image-70\" alt=\"\" srcset=\"https:\/\/subinalles.media\/wp-content\/uploads\/2025\/05\/10-1024x576.webp 1024w, https:\/\/subinalles.media\/wp-content\/uploads\/2025\/05\/10-300x169.webp 300w, https:\/\/subinalles.media\/wp-content\/uploads\/2025\/05\/10-768x432.webp 768w, https:\/\/subinalles.media\/wp-content\/uploads\/2025\/05\/10-1536x864.webp 1536w, https:\/\/subinalles.media\/wp-content\/uploads\/2025\/05\/10-2048x1152.webp 2048w, https:\/\/subinalles.media\/wp-content\/uploads\/2025\/05\/10-1920x1080.webp 1920w, https:\/\/subinalles.media\/wp-content\/uploads\/2025\/05\/10-1170x658.webp 1170w, https:\/\/subinalles.media\/wp-content\/uploads\/2025\/05\/10-585x329.webp 585w, https:\/\/subinalles.media\/wp-content\/uploads\/2025\/05\/10-600x338.webp 600w\" sizes=\"(max-width: 1024px) 100vw, 1024px\" \/>\t\t\t\t\t\t\t\t\t\t\t\t\t\t\t<\/div>\n\t\t\t\t<\/div>\n\t\t\t\t<div class=\"elementor-element elementor-element-6b8540b elementor-widget elementor-widget-penci-fancy_heading\" data-id=\"6b8540b\" data-element_type=\"widget\" data-widget_type=\"penci-fancy_heading.default\">\n\t\t\t\t<div class=\"elementor-widget-container\">\n\t\t\t\t\t\t\t<div class=\"penci-fancy-heading penci-heading-text-left\">\n\t\t\t<div class=\"penci-fancy-heading-inner\">\n\t\t\t\t<h2 class=\"penci-heading-title\"><span class=\"inner-tit\">Z pasji do funkcjonalnych wn\u0119trz<\/span><\/h2><div class=\"penci-heading-content entry-content\"><p>Nasza historia zacz\u0119\u0142a si\u0119 od potrzeby stworzenia miejsca, w kt\u00f3rym jako\u015b\u0107 spotyka si\u0119 z estetyk\u0105, a codzienne wyposa\u017cenie \u0142azienek staje si\u0119 cz\u0119\u015bci\u0105 przemy\u015blanej aran\u017cacji. Od pocz\u0105tku stawiali\u015bmy na wsp\u00f3\u0142prac\u0119 z producentami, kt\u00f3rzy podzielaj\u0105 nasz\u0105 dba\u0142o\u015b\u0107 o detale i wysokie standardy wykonania. Dzi\u0119ki temu uda\u0142o nam si\u0119 zbudowa\u0107 ofert\u0119, kt\u00f3ra odpowiada zar\u00f3wno wymaganiom specjalist\u00f3w, jak i indywidualnych klient\u00f3w.<\/p>\n<p>Zesp\u00f3\u0142 tworz\u0105 ludzie, kt\u00f3rzy znaj\u0105 si\u0119 na rzeczy \u2014 do\u015bwiadczeni doradcy, pasjonaci wn\u0119trz i osoby, dla kt\u00f3rych liczy si\u0119 nie tylko wygl\u0105d produktu, ale te\u017c jego trwa\u0142o\u015b\u0107 i funkcjonalno\u015b\u0107. Jeste\u015bmy tu po to, by pom\u00f3c Ci dobra\u0107 idealne rozwi\u0105zania do ka\u017cdej przestrzeni \u2014 niezale\u017cnie od stylu i bud\u017cetu.<\/p>\n<p>Nasz\u0105 misj\u0105 jest dostarczanie wyposa\u017cenia, kt\u00f3re \u0142\u0105czy techniczn\u0105 niezawodno\u015b\u0107 z eleganckim wzornictwem. Chcemy, by ka\u017cda \u0142azienka urz\u0105dzona z nasz\u0105 pomoc\u0105 by\u0142a nie tylko praktyczna, ale i przyjemna w codziennym u\u017cytkowaniu \u2014 miejscem, do kt\u00f3rego ch\u0119tnie si\u0119 wraca.<\/p>\n<\/div>\t\t\t<\/div>\n\t\t<\/div>\n\t\t\t\t\t\t<\/div>\n\t\t\t\t<\/div>\n\t\t\t\t\t<\/div>\n\t\t<\/div>\n\t\t\t\t\t<\/div>\n\t\t<\/section>\n\t\t<div class=\"elementor-element elementor-element-8b102fe e-grid e-con-boxed e-con e-parent\" data-id=\"8b102fe\" data-element_type=\"container\">\n\t\t\t\t\t<div class=\"e-con-inner\">\n\t\t\t\t<div class=\"elementor-element elementor-element-fc2cec0 elementor-widget elementor-widget-image\" data-id=\"fc2cec0\" data-element_type=\"widget\" data-widget_type=\"image.default\">\n\t\t\t\t<div class=\"elementor-widget-container\">\n\t\t\t\t\t\t\t\t\t\t\t\t\t\t\t<img decoding=\"async\" width=\"720\" height=\"720\" src=\"https:\/\/subinalles.media\/wp-content\/uploads\/2025\/05\/11.webp\" class=\"attachment-large size-large wp-image-71\" alt=\"\" srcset=\"https:\/\/subinalles.media\/wp-content\/uploads\/2025\/05\/11.webp 720w, https:\/\/subinalles.media\/wp-content\/uploads\/2025\/05\/11-300x300.webp 300w, https:\/\/subinalles.media\/wp-content\/uploads\/2025\/05\/11-150x150.webp 150w, https:\/\/subinalles.media\/wp-content\/uploads\/2025\/05\/11-585x585.webp 585w, https:\/\/subinalles.media\/wp-content\/uploads\/2025\/05\/11-600x600.webp 600w, https:\/\/subinalles.media\/wp-content\/uploads\/2025\/05\/11-100x100.webp 100w\" sizes=\"(max-width: 720px) 100vw, 720px\" \/>\t\t\t\t\t\t\t\t\t\t\t\t\t\t\t<\/div>\n\t\t\t\t<\/div>\n\t\t\t\t<div class=\"elementor-element elementor-element-d55568b elementor-widget elementor-widget-image\" data-id=\"d55568b\" data-element_type=\"widget\" data-widget_type=\"image.default\">\n\t\t\t\t<div class=\"elementor-widget-container\">\n\t\t\t\t\t\t\t\t\t\t\t\t\t\t\t<img decoding=\"async\" width=\"1024\" height=\"1024\" src=\"https:\/\/subinalles.media\/wp-content\/uploads\/2025\/05\/12-1024x1024.webp\" class=\"attachment-large size-large wp-image-72\" alt=\"\" srcset=\"https:\/\/subinalles.media\/wp-content\/uploads\/2025\/05\/12-1024x1024.webp 1024w, https:\/\/subinalles.media\/wp-content\/uploads\/2025\/05\/12-300x300.webp 300w, https:\/\/subinalles.media\/wp-content\/uploads\/2025\/05\/12-150x150.webp 150w, https:\/\/subinalles.media\/wp-content\/uploads\/2025\/05\/12-768x768.webp 768w, https:\/\/subinalles.media\/wp-content\/uploads\/2025\/05\/12-1536x1536.webp 1536w, https:\/\/subinalles.media\/wp-content\/uploads\/2025\/05\/12-1920x1920.webp 1920w, https:\/\/subinalles.media\/wp-content\/uploads\/2025\/05\/12-1170x1170.webp 1170w, https:\/\/subinalles.media\/wp-content\/uploads\/2025\/05\/12-585x585.webp 585w, https:\/\/subinalles.media\/wp-content\/uploads\/2025\/05\/12-600x600.webp 600w, https:\/\/subinalles.media\/wp-content\/uploads\/2025\/05\/12-100x100.webp 100w, https:\/\/subinalles.media\/wp-content\/uploads\/2025\/05\/12.webp 1983w\" sizes=\"(max-width: 1024px) 100vw, 1024px\" \/>\t\t\t\t\t\t\t\t\t\t\t\t\t\t\t<\/div>\n\t\t\t\t<\/div>\n\t\t\t\t<div class=\"elementor-element elementor-element-e653a4e elementor-widget elementor-widget-image\" data-id=\"e653a4e\" data-element_type=\"widget\" data-widget_type=\"image.default\">\n\t\t\t\t<div class=\"elementor-widget-container\">\n\t\t\t\t\t\t\t\t\t\t\t\t\t\t\t<img loading=\"lazy\" decoding=\"async\" width=\"720\" height=\"720\" src=\"https:\/\/subinalles.media\/wp-content\/uploads\/2025\/05\/13.webp\" class=\"attachment-large size-large wp-image-73\" alt=\"\" srcset=\"https:\/\/subinalles.media\/wp-content\/uploads\/2025\/05\/13.webp 720w, https:\/\/subinalles.media\/wp-content\/uploads\/2025\/05\/13-300x300.webp 300w, https:\/\/subinalles.media\/wp-content\/uploads\/2025\/05\/13-150x150.webp 150w, https:\/\/subinalles.media\/wp-content\/uploads\/2025\/05\/13-585x585.webp 585w, https:\/\/subinalles.media\/wp-content\/uploads\/2025\/05\/13-600x600.webp 600w, https:\/\/subinalles.media\/wp-content\/uploads\/2025\/05\/13-100x100.webp 100w\" sizes=\"(max-width: 720px) 100vw, 720px\" \/>\t\t\t\t\t\t\t\t\t\t\t\t\t\t\t<\/div>\n\t\t\t\t<\/div>\n\t\t\t\t\t<\/div>\n\t\t\t\t<\/div>\n\t\t\t\t<\/div>\n\t\t","protected":false},"excerpt":{"rendered":"<p>Z pasji do funkcjonalnych wn\u0119trz Nasza historia zacz\u0119\u0142a si\u0119 od potrzeby stworzenia miejsca, w kt\u00f3rym jako\u015b\u0107 spotyka si\u0119 z estetyk\u0105, a codzienne wyposa\u017cenie \u0142azienek staje si\u0119 cz\u0119\u015bci\u0105 przemy\u015blanej aran\u017cacji. Od&hellip;<\/p>\n","protected":false},"author":1,"featured_media":0,"parent":0,"menu_order":0,"comment_status":"closed","ping_status":"closed","template":"page-fullwidth.php","meta":{"footnotes":""},"class_list":["post-19","page","type-page","status-publish","hentry"],"_links":{"self":[{"href":"https:\/\/subinalles.media\/index.php?rest_route=\/wp\/v2\/pages\/19","targetHints":{"allow":["GET"]}}],"collection":[{"href":"https:\/\/subinalles.media\/index.php?rest_route=\/wp\/v2\/pages"}],"about":[{"href":"https:\/\/subinalles.media\/index.php?rest_route=\/wp\/v2\/types\/page"}],"author":[{"embeddable":true,"href":"https:\/\/subinalles.media\/index.php?rest_route=\/wp\/v2\/users\/1"}],"replies":[{"embeddable":true,"href":"https:\/\/subinalles.media\/index.php?rest_route=%2Fwp%2Fv2%2Fcomments&post=19"}],"version-history":[{"count":5,"href":"https:\/\/subinalles.media\/index.php?rest_route=\/wp\/v2\/pages\/19\/revisions"}],"predecessor-version":[{"id":2404,"href":"https:\/\/subinalles.media\/index.php?rest_route=\/wp\/v2\/pages\/19\/revisions\/2404"}],"wp:attachment":[{"href":"https:\/\/subinalles.media\/index.php?rest_route=%2Fwp%2Fv2%2Fmedia&parent=19"}],"curies":[{"name":"wp","href":"https:\/\/api.w.org\/{rel}","templated":true}]}}